In base 4, what is -203 + 103?
-100
In base 16, what is -7d + -2?
-7f
In base 10, what is -64 + -51?
-115
In base 14, what is -1 + -5c?
-5d
In base 16, what is -176 + 1?
-175
In base 8, what is -1 + 10?
7
In base 2, what is -100111110 - -11?
-100111011
In base 7, what is 0 - 13442?
-13442
In base 4, what is -3 - 2323?
-2332
In base 5, what is -111 + -1224?
-1340
In base 6, what is -3 + 45?
42
In base 6, what is 31 + -21?
10
In base 9, what is 1 - 1102?
-1101
In base 7, what is 3 + -6?
-3
In base 13, what is -22 - -a?
-15
In base 2, what is -100100 - -101?
-11111
In base 4, what is 1301 - 221?
1020
In base 8, what is 4364 - -5?
4371
In base 15, what is 4 + 0?
4
In base 12, what is -1 - -35?
34
In base 6, what is 44 - 5?
35
In base 10, what is 13 + 9?
22
In base 2, what is -10 + 1111?
1101
In base 8, what is -5702 + -5?
-5707
In base 7, what is 13541 + 2?
13543
In base 15, what is -3 - -8?
5
In base 15, what is 0 + d?
d
In base 14, what is 5 + -1a?
-15
In base 4, what is -1012 - 300?
-1312
In base 9, what is 33 - -11?
44
In base 11, what is -1 - 288?
-289
In base 14, what is -4 + -c?
-12
In base 4, what is 301 - -10?
311
In base 4, what is 322 - 20?
302
In base 2, what is 101011 + 11010010?
11111101
In base 6, what is 203 + -1?
202
In base 3, what is 210 - -10?
220
In base 14, what is a - 151?
-145
In base 5, what is -403 - 22?
-430
In base 16, what is 14 - -2c?
40
In base 13, what is 297 + 1?
298
In base 11, what is 35 + -6?
2a
In base 8, what is 0 - -115?
115
In base 10, what is -16 - 10?
-26
In base 5, what is 1431440 + -10?
1431430
In base 3, what is 22 - -2?
101
In base 2, what is 11 - 10011000111?
-10011000100
In base 12, what is -5 - 8?
-11
In base 11, what is -34 + -5?
-39
In base 13, what is 20b - 2?
209
In base 3, what is -111221 + 2?
-111212
In base 6, what is 10 + -211?
-201
In base 2, what is 10101 - 11101?
-1000
In base 10, what is 2 + -47?
-45
In base 10, what is 942 - 6?
936
In base 7, what is -46 + -10?
-56
In base 8, what is 552 + 4?
556
In base 12, what is -1b + 11?
-a
In base 4, what is -1033023 - 3?
-1033032
In base 15, what is 1 - e?
-d
In base 14, what is -222 + 11?
-211
In base 6, what is -423 - 5?
-432
In base 11, what is -5 + -5294?
-5299
In base 2, what is 11101100111110 - -11?
11101101000001
In base 16, what is c - -17?
23
In base 16, what is -25 - -b?
-1a
In base 8, what is -4 + -461?
-465
In base 4, what is 1 + -32223?
-32222
In base 5, what is -32100 - 3?
-32103
In base 7, what is -4 + -2050?
-2054
In base 6, what is 10 - 215?
-205
In base 15, what is 697 - 4?
693
In base 2, what is -1101101001 + 10?
-1101100111
In base 16, what is -3 + -5d?
-60
In base 10, what is 1 - -56?
57
In base 7, what is 14023 + -5?
14015
In base 12, what is -5 + 19a?
195
In base 13, what is 5 - 407?
-402
In base 16, what is -1 + f?
e
In base 12, what is -3b6 + 2?
-3b4
In base 4, what is 1 + 223?
230
In base 14, what is 1464 - 9?
1459
In base 12, what is -1 + -75?
-76
In base 13, what is -71 - 4?
-75
In base 16, what is af + 5?
b4
In base 2, what is -1001101 - -11?
-1001010
In base 4, what is -220 + -3?
-223
In base 8, what is -4 + -11?
-15
In base 6, what is 54 - 214?
-120
In base 12, what is 101 - 0?
101
In base 12, what is 1 - 39?
-38
In base 11, what is 1 - -2302?
2303
In base 13, what is -6c7 - -2?
-6c5
In base 11, what is 2 - 95?
-93
In base 6, what is -5 + 1131?
1122
In base 3, what is 11 - -100021?
100102
In base 5, what is -3334 - 2?
-3341
In base 3, what is -10220 - 0?
-10220
In base 12, what is -41 + -17?
-58
In base 16, what is -c77 - -3?
-c74
In base 5, what is 321 - -11?
332
In base 6, what is 11 + -2542?
-2531
In base 13, what is 1 + -1b33?
-1b32
In base 13, what is -30a - -5?
-305
In base 10, what is -270 - -5?
-265
In base 11, what is -149 - -4?
-145
In base 7, what is 3 + -55?
-52
In base 14, what is -4 - -4b?
47
In base 2, what is 11100 + -1011?
10001
In base 5, what is 1 + 12422?
12423
In base 7, what is -2 - -5240?
5235
In base 4, what is -11101 + -21?
-11122
In base 6, what is 4 + 3204?
3212
In base 13, what is -1 - cb?
-cc
In base 15, what is 4 + 1bb?
1c0
In base 11, what is 153 + 6?
159
In base 5, what is -14230 - 10?
-14240
In base 2, what is -10 - -10100?
10010
In base 7, what is 2 - 31?
-26
In base 14, what is -da8 - 0?
-da8
In base 15, what is 2 - -4c?
4e
In base 15, what is -4 - -17d8?
17d4
In base 11, what is -221 + 3?
-219
In base 16, what is 4 + -58?
-54
In base 10, what is -1 - 152?
-153
In base 9, what is 1 + -107?
-106
In base 12, what is 3 - 1291?
-128a
In base 2, what is 101 + 1011110011?
1011111000
In base 11, what is 5 - 3232?
-3228
In base 15, what is 4 - 8?
-4
In base 7, what is 1456 - -1?
1460
In base 13, what is -232 - 18?
-24a
In base 16, what is 1 - 5a?
-59
In base 4, what is -13001 - -2?
-12333
In base 4, what is -11223 + -3?
-11232
In base 16, what is f + 4df?
4ee
In base 8, what is 4 - -104?
110
In base 3, what is -110112 - -202?
-102210
In base 9, what is -4 + 3135?
3131
In base 10, what is -1 - -910?
909
In base 2, what is -11 - 1100000000?
-1100000011
In base 14, what is 0 - 98?
-98
In base 16, what is -3b5 + -3?
-3b8
In base 3, what is 0 + -1222?
-1222
In base 12, what is -2 + 17?
15
In base 9, what is -653 + 0?
-653
In base 15, what is 5 + 145?
14a
In base 10, what is 24 + -9?
15
In base 11, what is 5 + -207?
-202
In base 9, what is 22 + 1837?
1860
In base 7, what is 135 + 5?
143
In base 15, what is -5e9 - -1?
-5e8
In base 10, what is 6 - -48?
54
In base 11, what is a3 - 2?
a1
In base 14, what is -2 + 53?
51
In base 8, what is 122 - -163?
305
In base 7, what is 0 - -56?
56
In base 14, what is 3d9 - -1?
3da
In base 13, what is 335 - 1?
334
In base 10, what is -36 + -122?
-158
In base 5, what is -43 + -403?
-1001
In base 15, what is 6a - 5?
65
In base 2, what is -11 - -1010100111?
1010100100
In base 5, what is -1200442 + -4?
-1201001
In base 5, what is 2 + 20?
22
In base 6, what is -105 - -104?
-1
In base 16, what is -99 - -61?
-38
In base 3, what is -111110 - 0?
-111110
In base 5, what is -132 + 13?
-114
In base 6, what is 4 + 130?
134
In base 7, what is 0 - -2146?
2146
In base 7, what is 362 - -3?
365
In base 10, what is -2 - -165?
163
In base 8, what is -11 + 1017?
1006
In base 11, what is 700a + 1?
7010
In base 6, what is -3 + -2300?
-2303
In base 12, what is 1690 - -2?
1692
In base 8, what is 1 - 5?
-4
In base 10, what is 59 - 0?
59
In base 10, what is 658 - 1?
657
In base 2, what is -1000101001100 + 0?
-1000101001100
In base 6, what is 2 - -5501?
5503
In base 8, what is 4 - -77?
103
In base 6, what is 3 - 1104?
-1101
In base 3, what is 11 - 200211?
-200200
In base 7, what is -3 + 316?
313
In base 5, what is -130 + -443?
-1123
In base 12, what is -1628 - -5?
-1623
In base 2, what is -10 - 10001?
-10011
In base 5, what is 3 - -304?
312
In base 10, what is -13 - -11?
-2
In base 15, what is 1310 - 2?
130d
In base 8, what is 33 - -3?
36
In base 6, what is 54 - -43?
141
In base 4, what is -11 + -3222?
-3233
In base 13, what is -2 - 2cc?
-301
In base 15, what is -12 - 5?
-17
In base 4, what is -11 + 22323?
22312
In base 10, what is -2 - -18?
16
In base 12, what is 2912 - 3?
290b
In base 14, what is 910 - 1?
90d
In base 6, what is 1044 - -4?
1052
In base 6, what is 243 - -2?
245
In base 15, what is -15 + 0?
-15
In base 9, what is 3 + 664?
667
In base 11, what is -165 + -8?
-172
In base 4, what is 3 - -110201?
110210
In base 7, what is -4 + -45?
-52
In base 2, what is 1001 + 10001?
11010
In base 2, what is 10 - -101100111010?
101100111100
In base 8, what is -22 - 2550?
-2572
In base 15, what is -19 - -44?
2a
In base 3, what is 2010 - -11?
2021
In base 2, what is -110100 + -100010?
-1010110
In base 14, what is -18ba + 3?
-18b7
In base 5, what is 1110 + 3?
1113
In base 6, what is -15 - -214?
155
In base 15, what is 32ae - -4?
32b3
In base 10, what is 382 + 5?
387
In base 6, what is 1 - -115?
120
In base 6, what is -2443 - -1?
-2442
In base 6, what is 4 - -2233?
2241
In base 6, what is 353 - 1?
352
In base 10, what is -3 + 488?
485
In base 6, what is 10 + 1?
11
In base 15, what is -7 + -2db?
-2e3
In base 16, what is 2b0 + -8?
2a8
In base 4, what is -3201 + -2?
-3203
In base 6, what is 31144 - -3?
31151
In base 10, what is -1 + -186?
-187
In base 9, what is 0 + 85?
85
In base 9, what is -5148